/20*z**5 + 4*z**2 - 1 - 1/2*z**4 + 139*z. What is p(b)?
1
Let r be ((1 - 103)*(264/144)/(-11))/1. Let c(g) = 37 - g**2 + 10*g + g + 4*g. Determine c(r).
3
Let t(d) = 3*d - 7 + 12 - d + 3*d**2 - 17*d + 0*d. Let c(s) = -s**2 + 2*s - 1. Let j(o) = 2*c(o) + t(o). Calculate j(7).
-25
Let h(p) = -4*p**3 - p**2. Suppose 15 = 3*f, -19 = -2*s + 29*f - 26*f. Let j be -1 - -2*(2 - 0). Suppose 6*x - x - s = j*o, 2*x + o = -2. What is h(x)?
-5
Let u be (-2)/(-21)*3 - (-49 - 24378/(-357)). Let o(j) = -2*j + 29. What is o(u)?
67
Let o(r) = -r**3 + 7*r**2 + 2*r. Suppose -277 = 14*q - 347. Determine o(q).
60
Let s(d) = -d**2 - 5*d + 9. Let l be s(-6). Let q(c) = c**l - 46*c**2 - 3 - 1 + c + 40*c**2. What is q(6)?
2
Let q(r) = -17*r + 163. Suppose 146*t - 423 = 99*t. Give q(t).
10
Suppose 10*h - 18 = 8*h. Suppose 0 = -11*a + h*a - 6. Let w(s) = -s**3 - 4*s**2 - 2*s - 1. Calculate w(a).
-4
Let p(v) = -3*v + 64 + 67 + 65 + 4*v**2 - 188 - 3*v**2. Give p(3).
8
Let d(l) = 11*l**2 + 14*l + 165. Let w(f) = -7*f**2 - 15*f - 164. Let r(c) = 2*d(c) + 3*w(c). Determine r(24).
6
Let b(r) = 23*r - 43. Let n be b(2). Let m(x) = 20 + 2*x - 10 + 0 - n. What is m(-12)?
-17
Suppose -5*k + 35 = -5*w, 0 = -2*w - 2*w - k - 18. Let l = 780 - 692. Let a(c) = 83 + 5*c - l + c**2 - 4*c + 3*c - 2*c. Calculate a(w).
10
Let h(z) be the second derivative of -z**3/6 - 7*z**2/2 + 2*z + 258. Suppose 0*x - x - v - 11 = 0, v = x + 13. What is h(x)?
5
Let h(y) be the second derivative of y**5/20 + 2*y**4/3 - y**3/6 + 7*y**2/2 - 5*y - 146. Determine h(-7).
63
Let v = 1485 - 1481. Let p(s) be the second derivative of s**2 - 13*s + 0 - 1/2*s**3 - 1/12*s**v. What is p(-2)?
4
Suppose -155*c + 84*c - 57 = -90*c. Let j(h) = 5*h**2 - h + 13. What is j(c)?
55
Let v = -44 + 38. Let x(p) be the third derivative of 1/24*p**4 + 0 - 14*p**2 + 2*p**3 + 0*p. Give x(v).
6
Let l = 315 + -200. Let t = l - 78. Let k(m) = 6*m - t + 32 - 2*m**2 + m**2 - m. Determine k(4).
-1
Suppose -160*b = -22 - 298. Let t(v) be the second derivative of 0*v**b - 1/6*v**4 + 0 - v - v**3. Calculate t(-5).
-20
Let s(m) = 20*m**2 - 21*m - 36. Let l be s(6). Let r = l + -558. Let k(f) = f**2 + 6. Determine k(r).
6
Let x be (-2 - (-2)/4)/((-120)/(-240)). Let s(u) = 3*u + 8. Determine s(x).
-1
Let d(a) = a**2 - 8*a. Let z be (6/15)/((-2)/(-10)). Let i(w) = 12*w + 57. Let t be i(-5). Let x be t/(z + 26/(-10)). Calculate d(x).
-15
Let p(h) = 4*h - 32. Let m(w) = w**3 - 21*w**2 + 38*w - 35. Let n be m(20). Let r = n - 315. What is p(r)?
8
Let q be (37/(-888)*12)/(1/8). Let j(x) = -23*x - 11. Determine j(q).
81
Let y(t) = 196*t**3 + 2*t**2 - 15*t + 14. Let b be y(1). Suppose b*q = 201*q + 12. Let x(w) = -w**3 - 2*w**2 - 2*w + 2. What is x(q)?
17
Let n(q) = -4*q - 28. Let a be n(-11). Suppose 10*u + 12 = a*u. Let h(c) = -4*c**2 + c**2 + 4*c**2 + c. Determine h(u).
6
Let a(h) be the second derivative of -5*h**3/3 - 9*h**2/2 - 439*h + 4. Calculate a(-2).
11
Let m(s) be the second derivative of -3/4*s**4 - 1/20*s**5 - 13*s - 5/2*s**2 + 0 + 1/6*s**3. Determine m(-9).
-14
Let z(f) = 18*f**2 - f + 129. Let y(l) = -3*l**2 - 22. Let d(u) = -23*y(u) - 4*z(u). What is d(-6)?
-142
Let u = -10 + 7. Let b(n) = -4*n - 14. Let t(x) be the third derivative of x**4/8 + 7*x**3/3 + 38*x**2. Let w(g) = u*t(g) - 2*b(g). Calculate w(-9).
-5
Suppose 1038*y - 1052*y = 154. Let c(q) = q**3 + 13*q**2 + 18*q + 4. What is c(y)?
48
Suppose -6*a + 9*a + 2*g - 55 = 0, 3*g = -4*a + 73. Let l(f) = 3*f - 55. Let x be l(a). Let y(k) = -5*k - k + k**x + 0*k + 4 + k. Give y(5).
4
Let c(v) = -15*v**3 - v**2 + 2*v + 2. Suppose -14*o = 392 - 717 + 353. What is c(o)?
114
Let u(f) = 105 - 2*f - 5*f - 90 - f + 7*f. Determine u(25).
-10
Let w(s) = s**3 - 46*s**2 - 146*s - 49. Let a be w(49). Let q(n) = -7*n**2 - 7*n + 10. Let d(g) = 6*g**2 + 6*g - 9. Let o(v) = -6*d(v) - 5*q(v). Determine o(a).
4
Let b(r) = -r**2 + 13*r - 12. Let i = -6139 - -6154. Calculate b(i).
-42
Let y(t) = t**3 - 2*t**2 + t + 1. Let s(p) be the first derivative of p**3/3 + 5*p**2 + 14*p - 915. Let o be -2 - (1 + 3 - -2). Let q be s(o). Determine y(q).
-17
Suppose x + 3*q + 956 = 216, 5*x - q + 3716 = 0. Let b = x + 736. Let u(c) = c - 2. Determine u(b).
-9
Let z(o) = 11*o**2 - 6*o + 9. Let f(p) = 69*p**2 - 37*p + 56. Let m(c) = 4*f(c) - 25*z(c). Let u = 5 + -6. Let q be u + 1 + (-3 - -1). Calculate m(q).
-1
Let k(j) = -j**3 + 3*j**2 - 2*j + 2. Let w = -106 + 109. Let r be k(w). Let i(u) = -10*u - 2 + 7*u - 2. What is i(r)?
8
Let j = 2479 - 2456. Let k(c) = -3*c + 68. Calculate k(j).
-1
Let x be 7/(-49) - (-5876)/364. Let s(j) = -27*j + 427. Calculate s(x).
-5
Suppose i - 2094*u + 2096*u = 10, 0 = 3*u - 21. Let m(n) = -n**3 - 5*n**2 - 8*n - 1. Determine m(i).
15
Let j(y) = 2*y + 1. Let u = 17 + -6. Let q(d) = -d**3 + 17*d**2 - d + 4. Let k be q(17). Let h = k + u. Determine j(h).
-3
Let l(k) = -3*k**2 + 25*k + 10. Let r(a) = 8*a**2 - 69*a - 29. Let m(d) = -11*l(d) - 4*r(d). Suppose -3*h - 5 = 1. Let y be ((-1)/h)/1*0. Give m(y).
6
Let b(k) = -2*k**3 - 6*k**2 - 19*k + 32. Let z(x) = -3*x**3 - 12*x**2 - 33*x + 64. Let u(s) = -5*b(s) + 3*z(s). Determine u(6).
8
Let k(n) = n**2 + 2*n + 3. Suppose 3978 = 16*l + 10*l. Let t = l + -155. What is k(t)?
3
Let l(i) = 9*i - 2. Suppose 3*c - 2*y - 2 = 0, 4*y - 9 = 2*c - 21. Determine l(c).
-20
Let k(a) = -a**2 + 33*a - 72. Let n = 13028 + -12999. What is k(n)?
44
Let h(j) = -j - 10. Suppose 0 = 16*n - 675 - 4573. Let w = n - 333. Calculate h(w).
-5
Let h(z) = -z**2 + 7*z - 1 + 1 - 2. Let o = -63 + 79. Suppose 8*g - 6*g - o = 0. Calculate h(g).
-10
Let x(w) = w + 7. Suppose 0 = 2*h - 4*r - 20, 10 = h + 2*h - 2*r. Suppose -45*s + 26*s - 76 = h. Calculate x(s).
3
Let q(j) = -4 - 6 + j - 16 + 22 - 3. Give q(5).
-2
Let j(k) = 104*k + 45. Let o(c) = 883*c + 360. Let q(d) = 17*j(d) - 2*o(d). Give q(-12).
21
Let t(o) be the third derivative of -o**7/840 - o**6/90 + o**5/40 + o**4/4 + 23*o**3/2 + o**2 + 3. Let j(i) be the first derivative of t(i). Calculate j(-5).
16
Let t(n) = 2*n + 0*n**2 + 6*n**2 + 0*n**2 + 3*n**3 - 4*n**3 - 1. Let d be (-13)/(((-77)/(-42))/(-11)). Suppose -2*x - d = -90. Give t(x).
11
Let h(a) = -4*a + 18. Let k(g) = 53*g**3 - 374*g**2 + 19*g + 11. Let p be k(7). Calculate h(p).
30
Let k(u) = u**2 - 26*u + 24. Suppose 2*c + 101 = -6*c + 301. Give k(c).
-1
Let z(i) = 12 + 4*i**2 + 22*i - 27*i - 4*i**2 + 5*i**2. Suppose -8*v + 4*v + 4 = 0. Let d(c) = -c**2 - 1. Let n(h) = v*z(h) + 6*d(h). Give n(-5).
6
Let f(s) = -s**2 + 24*s + 2. Let z(h) = -44*h + 87*h - 2 - 49*h + 2. Let m(y) = 2*f(y) + 9*z(y). Determine m(4).
-52
Let f(m) = -3601 - 3651 + 2*m + 3*m + 7251. Calculate f(-15).
-76
Let t = 742 - 744. Let l(h) = 4 + 0 - 7*h**2 - 6. Give l(t).
-30
Suppose -4*t = 2*h + 16, 0 = -h + 5*t - 3*t - 8. Let a(l) = -3*l - 141 - 154 + 309 + 0*l + 4*l. Give a(h).
6
Suppose -25 = -x - 3*b, x + 13*b = 8*b + 25. Suppose -3*n = -7*n - 5*h - 45, 3*n + 2*h = -x. Let i(s) = 2*s + 2 - 3*s - 2. Calculate i(n).
5
Let w(u) = -u**2 + 4*u - 1. Let v(o) = -4*o + 43. Suppose -7*p - 30 = -12*p - 4*c, 4*p - 2*c - 50 = 0. Let y be v(p). Determine w(y).
2
Let t(x) = -x**2 - 6*x + 4. Let a(f) = 3*f**2 + 18*f - 13. Let o(p) = -4*a(p) - 11*t(p). Suppose 21*g = 2*y - 200, 4*g = 2*g - 4*y - 40. Give o(g).
-32
Let n be -1 + 4 - (49 + -39). Let a(h) = -h - 1. Let r(k) = -k. Let w(s) = a(s) - 2*r(s). Determine w(n).
-8
Let p(q) = -q**2 + 14*q + 2. Let c(a) = 2*a**2 + 41*a - 9. Suppose -24*m - 166 - 338 = 0. Let g be c(m). Give p(g).
26
Let v(o) be the third derivative of 0 + 1/120*o**5 + 12*o**2 - 1/6*o**4 - 5/2*o**3 + 0*o. Let z(h) be the first derivative of v(h). Determine z(7).
3
Let g be (-2)/10 + 2760/300. Let t be (-12)/g*(2 - 21/6). Let n(o) = 14*o - 3. Calculate n(t).
25
Suppose -4*r - 2*f - 26 = -0*f, r + 14 = f. Let y(h) = -26*h - 35. Let i(m) = -5*m - 7. Let a(k) = 11*i(k) - 2*y(k). What is a(r)?
20
Let k(r) = -30*r + 89464 - 2*r**2 - 89442 + 10*r + r**2. Determine k(-17).
73
Let a(z) = z**2 + 6*z - 9. Suppose 7*j + 112 = -25*j + 18*j. Give a(j).
7
Let g(i) = -9*i - 16. Let u(w) = 30*w + 33. Let j(t) = 7*g(t) + 2*u(t). Determine j(-14).
-4
Let o(x) = -5*x**2 + 3*x - 1. Let g be 3 - (-14)/49*-7 - 6. Suppose -6 - 14 = -5*p. Let m(w) = -6*w**2 + 3*w - 2. Let v(f) = g*o(f) + p*m(f). Give v(6).
1